e (5 - 1)*(-14 - -15). What is the greatest common factor of x and y?
4
Suppose 5*a - 68 = 52. What is the highest common divisor of 18 and a?
6
Suppose -p = -5, 2*n - 5*n = 3*p - 30. What is the greatest common divisor of 10 and n?
5
Suppose 3 = 3*y - 3. Let r be 540 + 0/(y + 0). Suppose 2*s + 3*s - r = 0. Calculate the highest common factor of s and 12.
12
Let j(f) = f**3 - 7*f**2 - 12*f + 6. Let s be j(9). Calculate the greatest common divisor of 15 and s.
15
Let i(x) = 3*x + 8. Let b be i(8). Calculate the greatest common divisor of b and 80.
16
Suppose 3*p = p - 6. Let s = p + 25. Suppose -5*t + 2*j - 3*j = -18, -4*t + 3*j + s = 0. Calculate the highest common divisor of t and 24.
4
Let n = -34 - -17. Let z = -9 - n. Calculate the highest common factor of z and 8.
8
Let q(c) = -4*c + 3. Let o be q(-3). Calculate the greatest common divisor of 6 and o.
3
Let u = -7 - -8. Let w be (0 - -1)/u + 13. Calculate the highest common factor of 14 and w.
14
Let s(r) = -r**2 - 10*r + 14. Let a be s(-12). Let z = 19 + a. Calculate the greatest common divisor of z and 27.
9
Let t(j) = -j**3 - 5*j**2 + 4*j - 4. Let f = 0 + -6. Let p be t(f). What is the highest common factor of 4 and p?
4
Let p(x) = -x**2 - 20*x - 22. Let f be p(-16). Calculate the greatest common divisor of 6 and f.
6
Suppose -n - 3*d + 15 = 0, 2*n - d = 17 + 27. Let h be -2*(21/6)/(-1). Calculate the highest common factor of n and h.
7
Suppose -1 = 2*t + 1. Let x(y) = -21*y + 1. Let v be x(t). Calculate the highest common divisor of v and 33.
11
Suppose 3*d + 4*o - 76 = 0, 0 = -4*d - 0*d - 4*o + 108. Calculate the greatest common factor of d and 128.
32
Let p be 0 + 3 - 77/(-11). Suppose 4*i = p + 14. Let m = 67 + -43. Calculate the greatest common factor of m and i.
6
Let a be (-5)/5*(2 - -5). Let w be (a/(-2))/((-5)/(-20)). What is the highest common factor of 126 and w?
14
Let f be (6 - -2)*165/20. What is the highest common factor of f and 6?
6
Suppose -3*s - s = 5*j + 96, 0 = -3*s + 3*j - 72. Let a be (-10 + 14)/(38/(-40) + 1). Let r = s + a. What is the greatest common factor of r and 7?
7
Let w = -9 + 10. Let b be (w/3)/((-3)/(-198)). Calculate the highest common divisor of 55 and b.
11
Let h(k) be the first derivative of 76*k**3/3 + k + 2. Let j be h(1). What is the greatest common factor of j and 7?
7
Let w be ((-6)/9)/(10/(-405)). Suppose -2*q + 8 = -28. Calculate the greatest common factor of q and w.
9
Let r be ((-1)/1)/(5/(-195)). Let y = 160 - r. Calculate the greatest common divisor of y and 11.
11
Let c(i) = -i**2 - 5*i - 1. Let m be c(-4). Let p = 44 - 11. Calculate the greatest common divisor of m and p.
3
Suppose 4*v = -3*y + 37, 4*y = y + v + 47. Let s = y + -10. Calculate the highest common factor of s and 5.
5
Let x(z) = 2*z + 7. Let u be x(9). Let b = 92 - 17. Calculate the greatest common divisor of b and u.
25
Let q = -73 + 153. What is the highest common divisor of q and 10?
10
Let t(l) = 32*l + 11. Let f be t(9). Let v = f - 178. Calculate the greatest common factor of v and 11.
11
Let f = 5 + -7. Let s(d) = 16*d**2 - 1. Let l be s(f). Suppose -3*y + 3*z = -18, -3*y + 2*z + 2 = -17. What is the greatest common divisor of l and y?
7
Suppose -3*d + 3*o = -7 - 53, -2*d + 42 = -o. Calculate the highest common factor of d and 2.
2
Let g be (-2)/(1 + 12/(-15)). Let s(u) = u**2 + 10*u + 6. Let n be s(g). Suppose 4*t = 12 - 4. Calculate the greatest common divisor of t and n.
2
Suppose 12 = 6*h - 78. Suppose 210 = -10*i + h*i. What is the highest common divisor of 105 and i?
21
Suppose 5*o + 2 = -0*z + 2*z, -4*z + 3*o = -32. Calculate the highest common divisor of z and 99.
11
Suppose 2*a + 22 - 40 = 0. What is the highest common factor of 3 and a?
3
Suppose 34 = 5*h - 96. Calculate the highest common factor of 39 and h.
13
Let r = 34 + 70. Calculate the greatest common factor of 13 and r.
13
Let j be ((-3)/(-6))/(1/104). Let w(m) = 15*m**3 + 6*m**2 - 5*m - 4. Let r be w(2). What is the greatest common factor of r and j?
26
Let u be -8 - -4 - -7 - 3. Let z be 13 - (0 + u) - 4. Calculate the highest common factor of 9 and z.
9
Let w be 14/35 - (-17)/(-5). Let f(v) = -v**2 - 3*v + 2. Let r be f(w). Let j be 4*r - (2 - 4). What is the greatest common factor of 4 and j?
2
Let q(w) = w**2 + 6*w + 22. Let p be q(0). Suppose 0*s = -5*s - 5*m + 45, 0 = -2*m - 4. Calculate the highest common divisor of p and s.
11
Let p(y) = 7*y**3 + y**2 - 2*y + 1. Let q be p(2). Suppose q = 5*i + 12. Suppose -x - 2 = -i. What is the greatest common factor of 56 and x?
7
Let b be (-36)/(-16) + (-2)/8. Let t be (10/4)/(b/4). Calculate the greatest common factor of t and 2.
1
Let t = 6 + 5. Let d(l) = l**3 + 9*l**2 - 4*l - 10. Let a be d(-7). Let n = -17 + a. Calculate the greatest common divisor of t and n.
11
Suppose 4*f - 2*o = f + 32, -2*o = 2*f - 8. Calculate the greatest common divisor of f and 4.
4
Suppose -12 = -p - 0*p. What is the greatest common divisor of 60 and p?
12
Suppose 0 = -0*f - f + 2. Suppose -2*g = f*g - 320. Calculate the highest common factor of g and 16.
16
Let y(z) = 6*z + 1. Let o be y(1). Let a = 14 - o. Let c = a - 5. Calculate the highest common divisor of c and 8.
2
Let f be (4/(-14))/((-5)/35). Suppose -f*w = 2*w - 312. Calculate the highest common factor of w and 52.
26
Suppose -q = 4*q. Suppose q = 4*r - 70 - 10. Let j(n) = -n**2 - 6*n + 1. Let c be j(-3). Calculate the highest common factor of r and c.
10
Let q be 156/10 + (-20)/(-50). Calculate the highest common divisor of 4 and q.
4
Suppose 3*l - l = 24. Suppose x = 4*o + 2, 5*x - 4*o = 8 + 2. Suppose 3*b - 18 = -3*q, 0 = -0*q - x*q + 4*b. Calculate the highest common factor of l and q.
4
Let n = 0 - -1. Suppose 3*l - 5*q - 90 = -2, 4*l + 4*q - 64 = 0. Let d be 6/l + 5/7. Calculate the highest common divisor of d and n.
1
Let k be ((-1)/(-4) - 2)*-4. Suppose 0 = 2*m - 4*v + 22, -v + 5 = -0. Let z = m - -8. What is the greatest common factor of k and z?
7
Let x = 131 + -77. Calculate the greatest common divisor of x and 135.
27
Let i(y) = 16*y - 3. Let r(a) = -47*a + 10. Let k(m) = 17*i(m) + 6*r(m). Let h be k(-4). Calculate the highest common factor of 7 and h.
7
Let f(o) = 2*o**2 + 14*o. Let d be f(-11). Let w(n) = n**2 - n - 1. Let p be w(4). Calculate the greatest common divisor of d and p.
11
Let p = 11 - 11. Suppose -3*t + 33 = 2*c - p*c, -2*t = c - 16. Calculate the highest common divisor of 162 and c.
18
Let q(z) = -z**2 + 4 + 7 + 2*z**2 + 2*z. Let f be q(9). Calculate the highest common divisor of f and 10.
10
Let n(d) = 22*d + 78. Let z = -1 - -7. Let r(o) = 2*o + 7. Let g(q) = z*n(q) - 68*r(q). Let b be g(-7). What is the highest common divisor of b and 50?
10
Let s be ((-126)/(-35))/(4/110). Calculate the highest common factor of 9 and s.
9
Suppose -11 = -2*v + 21. Let n = 25 - 17. What is the highest common divisor of n and v?
8
Let g(l) = -l**3 - 12*l**2 + 10. Suppose 5*x + 60 = -5*z, -36 = 3*x - 0*z - 2*z. Let n be g(x). Calculate the highest common divisor of 5 and n.
5
Let g(d) = -d**3 - 2*d**2 + d - 2. Let c be g(-3). Let k = 20 + -14. What is the greatest common divisor of k and c?
2
Let o = 22 - 14. Calculate the greatest common factor of o and 40.
8
Let n(o) = -o**2 - o + 23. Let w be n(4). What is the highest common factor of 21 and w?
3
Let k be 14/8*(5 + -1). Calculate the highest common divisor of k and 7.
7
Let x be (18/4)/(-3) - (-583)/22. Let r = 87 + -12. Calculate the highest common divisor of r and x.
25
Suppose -6*r + r = -30. Let l be (-2)/(-1)*6/r. Suppose p - 6 = -l*p. Calculate the greatest common divisor of 2 and p.
2
Let w be 30 + (1 - 1)*-1. Let f = 47 - w. Calculate the greatest common factor of f and 17.
17
Suppose 2*n - 4 = -14. Let a be 66/n*(-5)/2. What is the highest common factor of a and 11?
11
Let t be 34/(-6) - (-7)/(-21). Let h = 7 + t. Let u be 1/h - (-2)/1. What is the highest common divisor of u and 9?
3
Suppose 576 = 4*d + 4*d. Calculate the highest common factor of d and 9.
9
Let y(n) = n**2 - 3*n + 5. Let d be y(5). Suppose 5*k = 5*f - d, -3*f = -f - 4*k. Suppose f = 3*t - 0. Calculate the highest common divisor of 3 and t.
1
Suppose 7*f = -6*f + 2145. Calculate the greatest common factor of 15 and f.
15
Suppose -d = -0*d + 2*n - 26, -3*d + 3*n +